factors of (-1197462)/(-196) - (-7)/2?
6113
Let p be 178/6 + (-1)/(-3). What are the prime factors of p/9*-2*33/(-4)?
5, 11
Suppose -4*x = m - 82, -3*x + 6*x - 62 = -m. Let p(s) = -11*s**3 + 6 + x + 10*s**2 + 12*s**3 - 10*s. List the prime factors of p(-11).
3, 5
Let l = 25510 - 12969. List the prime factors of l.
12541
Suppose 6*d + l - 508937 = 0, 117*d + 5*l = 122*d - 424085. List the prime factors of d.
2, 3, 67, 211
Let b(m) = 28*m**2 + 208*m - 37. What are the prime factors of b(-33)?
31, 761
Let w(p) = 56*p**2 - 2*p + 56. Let y be w(-7). Suppose -4*u + 5*c + 2250 = 2*c, 0 = 5*u - 3*c - y. What are the prime factors of u?
2, 3, 47
Let o(w) = w**3 - 41*w**2 + 119*w - 72. List the prime factors of o(44).
2, 13, 211
Suppose -i - 4*u + 2014 = -473, -4*i + 2*u + 10020 = 0. Suppose -6689 = -14*q - i. List the prime factors of q.
13, 23
Suppose 4 + 0 = r - 2*a, 2 = -4*r - a. Suppose k = -r*k + 3*b + 1251, -3*k + 3795 = 5*b. List the prime factors of k.
2, 3, 5, 7
Let h(c) = c**3 + 66*c**2 + 111*c - 886. What are the prime factors of h(-53)?
2, 3, 37, 67
Let f(z) = 872*z**2 + 12*z + 12. Suppose 0 = -46*h + 50*h + 4. List the prime factors of f(h).
2, 109
Let c be ((-115)/(-1))/(3 - 2). Let l be 5/(((-165)/(-9))/11). Suppose k - c = -4*w - 33, -l*k - 5*w = -281. What are the prime factors of k?
2, 3, 17
Let i = 48 + -44. Suppose i*r - 3*r - 150 = 0. Suppose 79 = 3*u + 4*g, 6*u - u + 3*g - r = 0. What are the prime factors of u?
3, 11
Let d = 57877 - 33882. List the prime factors of d.
5, 4799
Suppose -107*x + 105*x = -70. Suppose -23*r = -x*r + 1476. List the prime factors of r.
3, 41
Suppose 82*i - 85*i + 36 = 0. List the prime factors of ((-9)/i)/(3/(-5796)).
3, 7, 23
Suppose 0 = -4*z + 5*b + 42326, 0*z = z - 2*b - 10583. What are the prime factors of z?
71, 149
List the prime factors of (-3558087)/(-585) + (-2)/4 + 26/20.
7, 11, 79
Let h = 236 + -213. Suppose h*d - 13*d - 5120 = 0. What are the prime factors of d?
2
Suppose 0 = -4*l - 16*f + 11*f + 88409, -4*l - 6*f + 88402 = 0. What are the prime factors of l?
22111
Suppose 0 = -3*z + 4*z - 49. Let i = -85 + z. Let m = 39 + i. List the prime factors of m.
3
Suppose 11*t - 434 = 248. Let h = 516 - t. What are the prime factors of h?
2, 227
Suppose 4*b - 9 + 1 = 0, -4*a = -2*b - 28. Let o(i) = i**3 + 7*i**2 + 3*i + 27. List the prime factors of o(a).
3, 337
Let u(w) = -3*w + 20. Let a be u(3). Suppose k = -3*t - a, 2*t - 3*k + 0*k + 11 = 0. List the prime factors of -4 - (-6)/t*(-314)/3.
3, 17
Suppose -2*u = 3*t - u + 94, 2*u = 3*t + 82. Let h = t + 32. What are the prime factors of 112 + (h - 3) + 4/(-2)?
109
Suppose -2*p - 228475 = -11*p - 28*p. List the prime factors of p.
5, 13, 19
Suppose 14*o - 132*o - 3*o + 756976 = 0. What are the prime factors of o?
2, 17, 23
Let s(f) = -2*f**2 + f + 2. Let p be s(-2). Let l = 134 - 100. Let h = p + l. What are the prime factors of h?
2, 13
Let o be (-1)/(((-26)/(-16))/(-13)). Suppose 4*g - 1 = -9, -l - 3*g = -9. Suppose 0 = -l*j + o*j + 616. What are the prime factors of j?
2, 11
Let r = 52649 + 26242. What are the prime factors of r?
3, 26297
Suppose 5*h - 4 = -3*r + 17, 7 = 3*h - r. Suppose 0 = -29*z + h*z + 6994. What are the prime factors of z?
269
Suppose 20*w = 18*w - 3*z - 2167, 4*z = 20. Let y = 1651 + w. List the prime factors of y.
2, 5, 7
What are the prime factors of 1784/(-3)*20/((-920)/759)?
2, 11, 223
Let t(o) = -2*o**3 - 35*o**2 - 119*o + 139. What are the prime factors of t(-32)?
17, 1979
Let z(r) = 82*r**2 + 89*r - 3. What are the prime factors of z(8)?
7, 23, 37
Let y(r) = -873*r**3 - 7*r - 6. Let c be y(-1). Let p = c - -119. What are the prime factors of p?
3, 331
Let t be (-12)/(-72)*-6*(-1148)/(-2). Let g = t - -817. List the prime factors of g.
3
Let f(z) be the first derivative of -8*z + 3/2*z**2 + 4/3*z**3 - 33. List the prime factors of f(6).
2, 7, 11
Let r(h) = 31 - 32*h + 74 - 19*h + 39. List the prime factors of r(-8).
2, 3, 23
Suppose 24*k - 20126 = -3*d + 19*k, 2*k = -4*d + 26844. What are the prime factors of d?
2, 839
Let i(n) = -2677*n - 2859. What are the prime factors of i(-7)?
2, 5, 397
Suppose 41*w - 80*w = -143988. What are the prime factors of w?
2, 13, 71
Let o(z) = z**3 + 41*z**2 - 91*z - 5. What are the prime factors of o(-39)?
2, 37, 89
Suppose 0 = -3*h - 5606 - 1231. Let j = h - -3854. List the prime factors of j.
3, 5, 7
Let v(x) = x**2 + 12*x - 24. Let q be v(12). Let k be 9 - 6 - (-44 - 0). Suppose q - k = 7*t. What are the prime factors of t?
31
Suppose 3*h - 2*g - 110347 = 0, 5*h + 91*g = 94*g + 183913. What are the prime factors of h?
5, 7, 1051
Suppose -614*x + 610*x + 12456 = 0. What are the prime factors of x?
2, 3, 173
Let u be (-23 - 0)/((-2)/46). Let g = u + 151. List the prime factors of g.
2, 5, 17
Let s be (-3)/((-13 + 11)*2/4). Suppose n = -2*l + 343, 2*l + 107 = s*n - 962. What are the prime factors of n?
353
Suppose -3 - 1 = -4*v, v - 1 = -4*h. Suppose -10 = -5*k - q, 0 = -0*q + q + 5. Suppose w + 3 = h, u + 8*w - 121 = k*w. List the prime factors of u.
2, 17
Suppose 189 = -148*a + 145*a. What are the prime factors of (-96656)/a - (-11)/(198/(-4))?
2, 13, 59
Suppose 3*b - c = 19, 3*b + 3*c - 2 = 1. Let t(m) = 65*m + 3. Let p be t(3). Suppose -b*f + 72 + p = 0. What are the prime factors of f?
2, 3
Suppose 0 = 5*x - 2*m - 6561, x - 4*m = 2283 - 960. Let f be (x/6)/1 + (-5)/10. Suppose -144 = -2*t + 3*c - 0*c, 3*t = 5*c + f. List the prime factors of t.
2, 3, 11
Let y(t) = -15*t - 12*t**2 - 76 - 73 + 220 - 74 - t**3. What are the prime factors of y(-13)?
19
Suppose 2*t = -8*g + 6*g - 13570, -3*g = 6. What are the prime factors of t/(-76) - (-5)/(-4)?
2, 11
Let d = 389 - -103. Suppose -5*o + d + 28 = 0. Suppose -3*y + 62 = 5*u, 4*y + 4*u = -32 + o. List the prime factors of y.
2, 7
Let i = -291 - -312. Suppose -i*l + 608 = -19*l. List the prime factors of l.
2, 19
Let m(r) = -3*r. Let c be m(15). Let g = c + 249. What are the prime factors of g?
2, 3, 17
Let k(u) = -30*u - 3. Suppose 1 + 1 = v, -4*v = 4*i - 120. Suppose b - i = 8*b. What are the prime factors of k(b)?
3, 13
Let i(q) = q**2 + 5*q - 38. Let r be i(-8). Let g = r - -48. List the prime factors of g.
2, 17
Suppose -3*y + 29121 = -12*r + 10*r, 12 = 4*r. List the prime factors of y.
7, 19, 73
Let s = 8580 + -7573. List the prime factors of s.
19, 53
Let b be (11/((-88)/128))/((-1)/36). Suppose 3*s = -2*k + 7*k + 820, 2*s + 4*k - b = 0. What are the prime factors of s?
2, 5, 7
Suppose -25*t + 756228 = 60*t - 17*t. What are the prime factors of t?
3, 11, 337
Let q = -130 + 275. Suppose -3*v - 5*j - q = 0, -2*v - 3*v = 3*j + 263. Let d = v - -78. What are the prime factors of d?
23
Suppose 2*p - 5702 = -3*l, -8722 + 2995 = -3*l + 3*p. Suppose -100*m - l = -108*m. List the prime factors of m.
2, 7, 17
List the prime factors of (-139772)/(-9) - (4 + 1 - (-602)/(-126)).
2, 5, 1553
Let w(s) be the first derivative of s**4/4 + 19*s**3/3 - 29*s**2/2 + 20*s - 50. What are the prime factors of w(-17)?
1091
Suppose -d - 2*w = -3217 - 2131, -15 = 3*w. What are the prime factors of d?
2, 3, 19, 47
Let x(y) = -y**3 + 20*y**2 - 25*y - 34. Let o be x(18). Let f = 219 - o. List the prime factors of f.
5, 11
What are the prime factors of (2910/60)/((-3)/(-186))?
31, 97
Suppose 3414 = 4*c + l, -4*c + 4*l - 2150 = -5574. What are the prime factors of c?
2, 7, 61
Let j(u) = 2*u**3 - 6*u**2 - 36*u - 5. Let s be j(6). List the prime factors of 6 - -485 - (s + -1).
7, 71
Let c(b) = b**2 - 7*b - 3. Let h be c(4). What are the prime factors of -3*(1685/h + -3)?
2, 173
Let u = -63 - -198. Suppose 0 = -3*j - 2*h + 485, -5*h + u = 5*j - 675. List the prime factors of j.
7, 23
Let z = 3 - -17. Let p = 70 - z. Suppose -2*u = -m - p, -2*m + 2 + 2 = 0. What are the prime factors of u?
2, 13
Let s(v) = 2*v**2 - 6*v + 3. Suppose w + 6 = 3*w. Let b be s(w). Suppose b*n + 40 = 3*p - 23, -4*n = -5*p + 103. List the prime factors of p.
19
Suppose 4*r + 454 = 5*g, 2*g - 90 = 4*r + 370. Let x = r + 170. List the prime factors of x.
2, 3
Suppose 1119925 + 668813 - 46023 = 39*r. List the prime factors of r.
3, 5, 331
Let m = 9189 - 3667. What are the prime factors of m?
2, 11, 251
Suppose 20*l + 18839 - 268239 = 0. What are the prime factors of l?
2, 5, 29, 43
Let m = 7